rime factors of 6010629812?
2, 11, 2083, 65581
List the prime factors of 1247897334.
2, 3, 207982889
What are the prime factors of 2352454893?
3, 1553, 18701
List the prime factors of 189757358.
2, 7, 13554097
List the prime factors of 1040602900.
2, 5, 10406029
What are the prime factors of 12028531?
12028531
What are the prime factors of 967995105?
3, 5, 7, 11, 838091
What are the prime factors of 21713436?
2, 3, 41, 47, 313
List the prime factors of 118171617.
3, 39390539
What are the prime factors of 21278356?
2, 11, 17, 28447
What are the prime factors of 546033889?
16141, 33829
What are the prime factors of 3386170?
2, 5, 53, 6389
List the prime factors of 44475757.
17, 2616221
What are the prime factors of 3100394149?
163, 19020823
What are the prime factors of 901902549?
3, 300634183
List the prime factors of 75746877.
3, 3947, 6397
What are the prime factors of 168762393?
3, 6250459
List the prime factors of 317174838.
2, 3, 1747, 30259
What are the prime factors of 726855661?
7, 1297, 11437
What are the prime factors of 3479426458?
2, 61, 229, 124541
List the prime factors of 247721150.
2, 5, 4954423
List the prime factors of 48020921.
13, 71, 52027
What are the prime factors of 136781898?
2, 3, 11, 17, 121909
List the prime factors of 3580974223.
13499, 265277
What are the prime factors of 39455148?
2, 3, 349, 9421
What are the prime factors of 133224764?
2, 33306191
What are the prime factors of 900736696?
2, 53, 163, 13033
What are the prime factors of 151148477?
19, 7955183
What are the prime factors of 729379712?
2, 59, 96581
List the prime factors of 6677279.
7, 29, 37, 127
List the prime factors of 628496698.
2, 17, 619, 29863
What are the prime factors of 101950041?
3, 31, 487, 2251
List the prime factors of 258696702.
2, 3, 11, 337, 3877
What are the prime factors of 201749652?
2, 3, 13, 23, 18743
List the prime factors of 765932495.
5, 4643, 32993
What are the prime factors of 583912299?
3, 194637433
What are the prime factors of 126699679?
126699679
List the prime factors of 2370124118.
2, 307, 3860137
What are the prime factors of 4879009239?
3, 13, 73, 1713737
What are the prime factors of 39740144?
2, 281, 8839
List the prime factors of 10549680.
2, 3, 5, 113, 389
List the prime factors of 11168415.
3, 5, 82729
List the prime factors of 242300532.
2, 3, 691, 29221
List the prime factors of 7569848578.
2, 3784924289
List the prime factors of 189599648.
2, 7, 846427
List the prime factors of 5018530214.
2, 29, 4483, 19301
What are the prime factors of 40523459?
61, 664319
List the prime factors of 1104586761.
3, 31, 11877277
List the prime factors of 1345705380.
2, 3, 5, 17, 8623
What are the prime factors of 860394308?
2, 215098577
List the prime factors of 82656448.
2, 7, 17, 10853
List the prime factors of 487262504.
2, 151, 403363
What are the prime factors of 37697636?
2, 17, 554377
List the prime factors of 524889923.
23, 31, 599, 1229
List the prime factors of 3093521899.
13, 31, 7676233
List the prime factors of 166938032.
2, 2003, 5209
List the prime factors of 73312740.
2, 3, 5, 67, 6079
What are the prime factors of 7580313?
3, 13, 67, 967
What are the prime factors of 186711838?
2, 23, 4058953
List the prime factors of 35974339.
35974339
List the prime factors of 1028084440.
2, 5, 59, 367, 1187
What are the prime factors of 2161082650?
2, 5, 43221653
List the prime factors of 3013410003.
3, 1004470001
What are the prime factors of 3937241837?
17, 231602461
List the prime factors of 99499767.
3, 33166589
List the prime factors of 123393706.
2, 47, 1051, 1249
What are the prime factors of 78790260?
2, 3, 5, 1313171
List the prime factors of 167779756.
2, 23, 37, 2143
What are the prime factors of 392376408?
2, 3, 16349017
What are the prime factors of 394816108?
2, 2111, 46757
What are the prime factors of 177130999?
137, 1292927
List the prime factors of 210124476.
2, 3, 1945597
List the prime factors of 185193163.
31, 5973973
List the prime factors of 82231188.
2, 3, 13, 527123
List the prime factors of 1424991880.
2, 5, 13, 31, 109, 811
List the prime factors of 1286301543.
3, 428767181
What are the prime factors of 211289691?
3, 70429897
List the prime factors of 1414239195.
3, 5, 94282613
What are the prime factors of 628533130?
2, 5, 89, 211, 3347
What are the prime factors of 123527614?
2, 7, 8823401
List the prime factors of 5400923235.
3, 5, 41, 191, 45979
List the prime factors of 198771477.
3, 379, 174821
What are the prime factors of 288713267?
41, 7041787
List the prime factors of 18772991.
23, 816217
What are the prime factors of 128994407?
29, 1013, 4391
List the prime factors of 130318132.
2, 7, 173, 26903
What are the prime factors of 5256694797?
3, 17, 5821, 17707
List the prime factors of 1637356698.
2, 3, 31, 911, 3221
List the prime factors of 16247466.
2, 3, 101, 331
List the prime factors of 27168541.
449, 60509
List the prime factors of 109501238.
2, 7, 11, 31, 22937
What are the prime factors of 319722520?
2, 5, 13, 614851
List the prime factors of 4848551056.
2, 79, 101, 163, 233
List the prime factors of 310624704.
2, 3, 13, 3191
List the prime factors of 562586608.
2, 35161663
What are the prime factors of 1206606055?
5, 241321211
What are the prime factors of 2515681656?
2, 3, 71, 492113
List the prime factors of 5198424381.
3, 18523, 31183
List the prime factors of 999975600.
2, 3, 5, 13, 23, 929
List the prime factors of 106300141.
1877, 56633
List the prime factors of 496960435.
5, 4409, 22543
What are the prime factors of 2318291885?
5, 7, 13, 61, 101, 827
What are the prime factors of 58794624?
2, 3, 7, 23, 317
List the prime factors of 791365675.
5, 19, 31, 223, 241
List the prime factors of 4111943088.
2, 3, 11, 7787771
What are the prime factors of 6435922764?
2, 3, 17, 31548641
What are the prime factors of 2019554874?
2, 3, 112197493
List the prime factors of 89228557.
11, 73, 111119
What are the prime factors of 39905424?
2, 3, 13, 21317
List the prime factors of 226706114.
2, 113353057
What are the prime factors of 1313582?
2, 656791
List the prime factors of 40619313.
3, 7, 71, 1009
List the prime factors of 726205607.
726205607
List the prime factors of 2601156530.
2, 5, 7, 373, 99623
What are the prime factors of 1521865254?
2, 3, 7, 13, 2787299
List the prime factors of 28530281.
13, 23, 95419
List the prime factors of 582612717.
3, 4127, 47057
List the prime factors of 1561433.
17, 53, 1733
What are the prime factors of 1359635252?
2, 2311, 147083
What are the prime factors of 608152753?
13, 89, 40433
What are the prime factors of 41142393?
3, 41, 111497
List the prime factors of 137368026.
2, 3, 127, 60091
List the prime factors of 1000143169.
16661, 60029
List the prime factors of 251433140.
2, 5, 7, 1795951
What are the prime factors of 784409578?
2, 9239, 42451
List the prime factors of 182045111.
157, 1159523
List the prime factors of 585815853.
3, 7, 2539, 10987
List the prime factors of 359660611.
281, 1279931
List the prime factors of 1707987363.
3, 83, 6859387
What are the prime factors of 39554710?
2, 5, 13, 23, 13229
List the prime factors of 506425359.
3, 11, 17, 902719
List the prime factors of 2418123997.
61, 2053, 19309
List the prime factors of 7637611548.
2, 3, 7, 2339, 38873
List the prime factors of 4640080.
2, 5, 31, 1871
List the prime factors of 819747714.
2, 3, 53, 101, 25523
List the prime factors of 915083773.
23, 661, 2617
What are the prime factors of 10947496?
2, 7, 19, 10289
What are the prime factors of 396565890?
2, 3, 5, 7, 1888409
List the prime factors of 3459363338.
2, 2477, 698297
List the prime factors of 2952968494.
2, 7, 210926321
What are the prime factors of 4754344628?
2, 11, 23, 263, 17863
List the prime factors of 4395272912.
2, 223, 1231859
What are the prime factors of 613742646?
2, 3, 11, 67, 138793
What are the prime factors of 225486021?
3, 67, 149, 7529
List the prime factors of 30477445.
5, 6095489
List the prime factors of 106854046.
2, 13, 4109771
What are the prime factors of 6291470184?
2, 3, 101, 2595491
List the prime factors of 424686965.
5, 1747, 48619
List the prime factors of 857262810.
2, 3, 5, 53, 539159
What are the prime factors of 63217826?
2, 7, 19, 43, 5527
List the prime factors of 36705941.
17